 common divisor of m and x.
17
Suppose -196 = -3*y - 205. Let h(f) = 34*f + 20. Let z be h(y). Let d be z/(-5) - 2*2/10. Calculate the greatest common factor of 144 and d.
16
Let f be 4 + (-3 - 189/15)*520/(-78). Calculate the greatest common divisor of 279 and f.
9
Suppose -9 = -3*g - 0. Let b be g*-5*(-7 - -4). Suppose -16 = -4*w - 5*q, -26*w + 2 = -28*w - 5*q. What is the greatest common factor of b and w?
9
Let i(t) = -6 - 26*t + 1 + t**3 - 25*t + 55*t + 11*t**2. Let h be i(-4). Calculate the greatest common divisor of 26 and h.
13
Suppose 2*g + 4081 = 3*i + 2*i, -4 = -2*g. Suppose -81*w = 217*w - 11324. What is the greatest common factor of w and i?
19
Let o(f) = 12*f**3 + f**2 - 15*f - 11. Let q be o(6). Calculate the highest common factor of q and 532.
133
Let p be 1473/9 + 425/(-255). Calculate the highest common divisor of p and 2.
2
Let d = -10578 + 15005. What is the greatest common divisor of d and 38?
19
Let a be 30 + -35 - 11/(-1). Let f be ((-8)/3)/(a/(-63)). What is the greatest common factor of f and 70?
14
Let r(o) be the third derivative of -17*o**4/8 + 22*o**3/3 - o**2 - 13*o. Let z be r(-6). Calculate the greatest common divisor of z and 35.
35
Suppose -4*c + 674 - 1854 = 2*d, -5*c + 1198 = -2*d. Let t = d + 630. What is the highest common factor of t and 270?
18
Let v(m) = m**3 + 17*m**2 - 303*m + 154. Let w be v(-27). What is the greatest common divisor of 65 and w?
5
Let b = -1217 + 825. Let w = -366 - b. Calculate the greatest common divisor of w and 52.
26
Let y be 6 - (-20 + -4 + 16). What is the highest common divisor of 6265 and y?
7
Let s be (-1368)/(-108)*(-5 - -17). Suppose -4*z + 2*z + 32 = 0. What is the highest common factor of s and z?
8
Let g be (11/(11/(-808)))/(4*(-7)/14). Calculate the highest common factor of 9494 and g.
202
Let h = 4002 - 3912. Calculate the greatest common divisor of h and 160.
10
Let m(i) = i**2 - 7*i + 9. Let g be m(6). Suppose -g*h - 3*l = -2 - 7, 11 = 2*h + l. Suppose 48 = 2*j + h. What is the highest common divisor of 220 and j?
20
Let z = -8881 + 3417. Let d = -2696 - z. Suppose 697 + d = 7*l. What is the greatest common factor of 45 and l?
45
Let u(x) = -x**2 + 102*x - 2010. Let c be u(75). What is the highest common divisor of c and 3385?
5
Let b(i) = 4*i - 26. Let n(x) = -3*x + 26. Let s(d) = 4*b(d) + 5*n(d). Let t be s(-2). Calculate the greatest common factor of t and 48.
24
Let i(r) = 22*r + 167. Let m be i(-7). Suppose -m*w + 27 = -90. Calculate the greatest common factor of 24 and w.
3
Suppose -21*n + 17*n = h - 55, 0 = h - 4*n - 71. Calculate the greatest common divisor of h and 245.
7
Suppose 21 = s - 58. Suppose -52*k - 270 = -s*k. What is the greatest common divisor of 22 and k?
2
Suppose y - 9 = -g, -g + 3*g = 10. Suppose -5*t + 155 - 135 = 0. Calculate the greatest common factor of y and t.
4
Let b be 2 - 14 - 42376/((-100)/25). Calculate the highest common divisor of b and 33.
11
Suppose -11*m = 3*m - 18900. Suppose 9*t - 15*t + m = 0. Calculate the greatest common divisor of 150 and t.
75
Let a be (5 + (-2036)/16)*-52 - 6. Suppose -a + 27726 = 25*y. What is the greatest common divisor of 19 and y?
19
Suppose -2*r = 3*h - 804, 5*h - 5*r = -9*r + 1344. What is the highest common factor of h and 77?
11
Let n(y) = 27 + 2*y**2 + 18 - 20*y + 9 - 4. Let h be n(3). Calculate the highest common divisor of 136 and h.
8
Let z = -26663 - -26906. Let a be 3 + 0 - 2 - -17. What is the highest common divisor of a and z?
9
Suppose -264*t + 1944 = -130*t - 116*t. What is the greatest common factor of t and 531?
9
Suppose -14*f + 118 = -232. Suppose p + 12 + f = q, -2*q + 3*p + 73 = 0. What is the highest common factor of q and 19?
19
Suppose 9*t + 17*t = 78. Suppose 0 = 18*w - t*w - 1050. Calculate the greatest common divisor of 10 and w.
10
Suppose 0 = l - 5*a - 9, -4*l - 3*a = a - 36. Calculate the greatest common divisor of l and 1629.
9
Let f(k) = -35*k + 612. Let a be f(-28). Calculate the highest common divisor of 8 and a.
8
Let w be 3 - 1 - ((-16395 - 2) + (-288)/(-48)). What is the highest common factor of 338 and w?
169
Let k = 64 + -60. Suppose 0*f = -k*f - 340. Let v be (714/f)/((-2)/10). Calculate the greatest common factor of 105 and v.
21
Let o = 564 - -91. Suppose -2*h - 77 = -o. What is the highest common factor of h and 34?
17
Let m = -1991 + 2000. What is the highest common factor of 123 and m?
3
Let o = -61821 + 61853. Suppose -4*m - l = -195, -2*m + 4*l + 30 = -54. Calculate the highest common factor of m and o.
16
Suppose -3*u = 16*u - 152. Calculate the greatest common divisor of 1724 and u.
4
Let a(k) = -14*k - 212. Suppose -78 = 5*c + 42. Let t be a(c). What is the highest common factor of t and 434?
62
Let a be (1 - (-15)/(-9))*39/(-2). Let h be 0*(-2)/4 + a + 2. Calculate the highest common divisor of h and 195.
15
Let z be (2 - (-44)/(-14))/((-454)/236761). Calculate the greatest common divisor of 16 and z.
4
Let t be 15/25 + 40911/65. Calculate the greatest common divisor of t and 130.
10
Let u = 1291 + -21. Calculate the highest common divisor of u and 10.
10
Let h be (-10395)/(-14) + 2 + (-2)/4. Let p be 0 - -2 - 12/(-6). Suppose 4*m + p*b = -72 + h, m = -4*b + 165. Calculate the greatest common factor of m and 13.
13
Let d be 40/2*(-12)/(-10). Suppose -108*k + 8035 = -389. What is the highest common divisor of k and d?
6
Let k be 24*1*56/21. Let w be 9/2*k/1. Suppose -5*p = -113 - 47. What is the greatest common factor of w and p?
32
Let m be 209/(-5) + (-2)/(6 + 4). Let a be 12/14*m/(-9). Suppose r = -3*b - 0*b + 231, b + a = 0. Calculate the greatest common divisor of r and 27.
27
Let x(h) = -8262*h**3 + 2*h**2 + 2*h. Let f be x(-1). Calculate the greatest common factor of 34 and f.
34
Let t(k) = -3*k**3. Let j be t(-1). Suppose w = -j*w + 36. Let i be (-12)/(-5)*7/(-14)*-5. Calculate the highest common divisor of i and w.
3
Suppose 32 - 3202 = -4*n + 5*b, 5*n = -b + 3919. Calculate the highest common factor of 5 and n.
5
Let k(s) = 5*s**2 + 2*s - 2. Let r(z) = 5*z + 33. Let b be r(-6). Let f be k(b). Let t = -3 + f. Calculate the greatest common divisor of t and 230.
46
Let m(p) = 7*p**2 + 24*p + 95. Let g be m(-6). Calculate the highest common divisor of 77 and g.
7
Let r = 48 + -46. Suppose -r*x - 11*n + 12 = -9*n, -9 = 3*n. Calculate the greatest common divisor of 81 and x.
9
Suppose 6*c - 78 + 390 = 0. Let o = -46 - c. Calculate the greatest common factor of o and 162.
6
Let k(r) = 2*r - 10. Let y(i) = 4*i - 5. Let o = 12 - 9. Let u be y(o). Let a be k(u). What is the greatest common factor of a and 4?
4
Suppose -4*v = 8, 6*q - 2*q + 3*v - 90 = 0. Let a(b) = -5*b - q + 4 - 10. Let c be a(-7). Calculate the greatest common divisor of 25 and c.
5
Let c(p) = -p**3 - 34*p**2 + 155. Let u be c(-34). Calculate the greatest common divisor of 13 and u.
1
Let v = -57 + 51. Let a be (-14 + 18)*(1*-2 - v). Let f(o) = -o**3 + 17*o**2 + 20*o + 4. Let k be f(18). What is the greatest common factor of k and a?
8
Let y be (-1706)/9 + (-56)/126. Let b = y + 208. Calculate the greatest common divisor of 63 and b.
9
Suppose -t - 4*k = -128, -5*t + 2*k - 59 = -699. Let z be -1 + 50/(-5) + 5 + 15. Suppose 134 + 10 = z*a. What is the greatest common factor of a and t?
16
Let h(d) = -30*d + 18. Let u be h(-3). What is the greatest common factor of 300 and u?
12
Suppose 4*p = -4*r + 6*r - 50, -3*r = -p - 65. Suppose -8*t + r*t = 52. Calculate the highest common factor of 8 and t.
4
Let b be (-104)/(-28) - (-34)/119. Let g be (318/b - 6)*2. Calculate the greatest common divisor of 21 and g.
21
Let h(w) = 133*w**3 - 19*w + 70. Let i be h(3). Calculate the greatest common divisor of 119 and i.
17
Let k(w) = 2*w**2 - 80*w - 80. Let a be k(41). What is the greatest common factor of a and 233?
1
Let l be 2/8 - (-190)/40. Let n be (408/(-30))/(1/l). Let g = n + 140. What is the greatest common divisor of 18 and g?
18
Suppose -26*q + 3608 = -340 - 1148. What is the highest common divisor of q and 5684?
196
Let q(z) = -10*z + 168. Let x(c) = -15*c + 252. Let j(o) = 8*q(o) - 5*x(o). Let p be j(15). Calculate the highest common divisor of p and 1.
1
Let k = 35057 + -34741. Calculate the greatest common factor of 4 and k.
4
Suppose 46*a - 49*a + 5*b = -117, 0 = 4*a + 4*b -